{"id":46,"date":"2026-02-11T17:46:32","date_gmt":"2026-02-11T17:46:32","guid":{"rendered":"https:\/\/www.menuhin-stiftung.ch\/?page_id=46"},"modified":"2026-02-15T10:17:02","modified_gmt":"2026-02-15T10:17:02","slug":"geschichte","status":"publish","type":"page","link":"https:\/\/www.menuhin-stiftung.ch\/index.php\/geschichte\/","title":{"rendered":"Geschichte"},"content":{"rendered":"<p><img loading=\"lazy\" decoding=\"async\" class=\"alignleft wp-image-64 size-full\" src=\"https:\/\/www.menuhin-stiftung.ch\/wp-content\/uploads\/2026\/02\/Portraet.png\" alt=\"\" width=\"589\" height=\"842\" srcset=\"https:\/\/www.menuhin-stiftung.ch\/wp-content\/uploads\/2026\/02\/Portraet.png 589w, https:\/\/www.menuhin-stiftung.ch\/wp-content\/uploads\/2026\/02\/Portraet-210x300.png 210w\" sizes=\"auto, (max-width: 589px) 100vw, 589px\" \/>Yehudi Menuhin (22.4.1916 &#8211; 12.3.1999)<\/p>\n<p>WUNDERKIND UND GENIALER K\u00dcNSTLER<\/p>\n<p>Der unvergleichliche Geiger, in seiner Kindheit als Wunderkind und im zweiten Teil seines Lebens als Dirigent gefeiert, konnte auf eine beispiellose musikalische Karriere zur\u00fcckblicken.<\/p>\n<p>Im Alter von sieben Jahren begann diese Karriere, die ihn auf alle Musikb\u00fchnen der Welt f\u00fchrte. Er kombinierte seine grandiose instrumentale Technik mit einem aussergew\u00f6hnlichen Musikverst\u00e4ndnis. Sein breites Repertoire reichte weit \u00fcber die grossen Klassiker hinaus: Er war sein Leben lang ein neugieriger Musiker, der z.B. mit dem grossen Jazzgeiger St\u00e9phane Grappelli improvisierte. Er liebte es, sich mit allen Arten von Musik zu besch\u00e4ftigen. Seine Faszination f\u00fcr verschiedene Kulturen veranlasste ihn, u.a. mit <a href=\"https:\/\/www.youtube.com\/watch?v=fJ5ZBkZGW9U&amp;list=RDfJ5ZBkZGW9U&amp;start_radio=1\" target=\"_blank\" rel=\"noopener\">R<\/a><a href=\"https:\/\/www.youtube.com\/watch?v=fJ5ZBkZGW9U&amp;list=RDfJ5ZBkZGW9U&amp;start_radio=1\" target=\"_blank\" rel=\"noopener\">avi Shankar<\/a> indische Musik zu spielen. Er hatte aber auch gleichzeitig grosse Freude, mit Roma-Freunden die Faszination von Zigeunermusik zu erleben, deren Anliegen er besonders verteidigte, und betonte immer wieder, dass die Suche nach Sch\u00f6nheit und das Teilen im gemeinsamen Musizieren universelle Werte seien.<\/p>\n<p><em>\u00abMusik ist wirklich der Ausdruck des Lebens, Es ist die Sublimierung aller guten und schlechten Gef\u00fchle, die uns sonst gefangen halten w\u00fcrden.\u00bb<\/em><\/p>\n<p>YEHUDI MENUHIN, EIN VISION\u00c4R UND HUMANIST<\/p>\n<p>Zeit seines Lebens besch\u00e4ftigte sich Yehudi Menuhin mit den grossen Themen des 20. Jahrhunderts: Er setzte sich ebenso sensibel f\u00fcr Bildung wie auch f\u00fcr die Rechte von Minderheiten ein und legte grossen Wert darauf, seine Visionen in die Tat umzusetzen. W\u00e4hrend seiner gesamten Karriere als Musiker verteidigte er unerm\u00fcdlich die Schw\u00e4chsten, was ihm zahlreiche Auszeichnungen und Tiel einbrachte, darunter den Weltfriedenspreis im Jahr 1979. \u00abDenen eine Stimme geben, die keine haben\u00bb, lautete die Devise. Sie wurde zu einem Leitthema seines Lebens.<\/p>\n<p><em>\u00abEs gibt \u00fcberall Verletzungen. Man muss wissen, wie man seine eigenen vergisst und versucht, die universellen Wunden zu heilen.\u00bb<\/em><\/p>\n<p>YEHUDI MENUHIN UND DIE MENSCHENBILDUNG<\/p>\n<p>1991 begr\u00fcndete er in Br\u00fcssel die International Yehudi Menuhin Foundation (IYMF), um seine zahlreichen humanistischen Visionen zu realisieren (<a href=\"https:\/\/www.menuhin-foundation.com\" target=\"_blank\" rel=\"noopener\">www.menuhin-foundation.com<\/a>). U.a. entstand 1993 das von der IYMF international koordinierte k\u00fcnstlerisch-soziale \u00ae\u00a0<a href=\"https:\/\/www.mus-e.ch\/\" target=\"_blank\" rel=\"noopener\">MUS-E Programm<\/a>, welches heute in 13 L\u00e4ndern aktiv ist und bereits mehr als 1,5 Mio. Kinder erreichte. Da ihm die Bildung im Allgemeinen und die musikalische Ausbildung im Besonderen am Herzen lag, gr\u00fcndete er u.a. die Yehudi Menuhin School oder die Yehudi Menuhin-Stiftung Grenchen, die der musikalischen Bildung junger Menschen in Grenchen und Umgebung verpflichtet ist.<\/p>\n<p><em>\u00abBeim Unterrichten geht es nicht darum, einen leeren Sack mit Wissen zu f\u00fcllen. Die Tasche ist nie leer. Es hat bereits ein eigenens Leben. Und lehren bedeutet, unsere Wissen weiterzugeben, damit die Person, die die Tasche tr\u00e4gt, das Leben auf eine reichere, vielf\u00e4ltigere und zivilisiertere Weise geniessen kann.\u00bb<\/em><\/p>\n<p>MENUHIN UND DIE POLITIK<\/p>\n<p><em>\u00abNur die Aus\u00fcbung der Kunst, unserer Sinne und der Vielfalt der Kulturen Europas ist in der Lage, wahren Respekt vor anderen und den Wunsch nach Frieden zu wecken, der es uns erm\u00f6glicht, sowohl unsere eigenen als auch die kollektiven Errungenschaften zu verwirklichen mit allen, die unsere Verantwortung gegen\u00fcber dieser leidenden Erde teilen. Nur mit einer kreativen Erziehung, die keine Begabung des Kindes unterdr\u00fcckt, sondern es im Gegenteil zivilisiert, k\u00f6nnen wir gemeinsam eine Gesellschaft schaffen, die seine Gewalt beherrscht und absorbiert. Es ist die Kunst, die die Pers\u00f6nlichkeit junger B\u00fcrger und B\u00fcrgerinnen im Sinne von Aufgeschlossenheit, Respekt f\u00fcr andere und dem Wunsch nach Frieden strukturieren kann. Es ist die Kultur, die es jedem erm\u00f6glicht, in der Vergangenheit neue Energie zu tanken und an der Gestaltung der Zukunft mitzuwirken. Sie allein wird uns durch die Vereinigung der Vielfalt ein wahres europ\u00e4isches Bewusstsein bieten. Denn es ist das Aufbl\u00fchen der kulturellen Vielfalt, die Europa seinen ganzen Glanz verleiht&#8230;\u00bb <\/em><\/p>\n<p>(Auszug aus Yehudi Menuhins Brief an den Europ\u00e4ischen Rat vom 17. Februar 2000).<\/p>\n<p>Zitate: \u00a9 IYMF<\/p>\n<p><a href=\"https:\/\/www.youtube.com\/watch?v=0h0GkOP7ZUs\" target=\"_blank\" rel=\"noopener\">Yehudi Menuhin BBC documentary<\/a><\/p>\n<p><a href=\"https:\/\/www.youtube.com\/watch?v=QGhmUnKzxJw&amp;t=4s\" target=\"_blank\" rel=\"noopener\">Sir Yehudi Menuhin: Gedanken zum Singen, Tanzen und Spielen<\/a><\/p>\n<p><a href=\"https:\/\/youtu.be\/5HGKFLq1a-c\" target=\"_blank\" rel=\"noopener\"><img decoding=\"async\" class=\"alignnone size-full wp-image-63\" src=\"https:\/\/www.menuhin-stiftung.ch\/wp-content\/uploads\/2026\/02\/StAG_F.00.7_Dig2015-Portraet-Yehudi-Menuhin-1916-1999-2.tiff\" alt=\"\" \/>Pr\u00e4sentation \u00abHommage \u00e0 Yehudi Menuhin\u00bb Grenchen 2025<\/a><\/p>\n","protected":false},"excerpt":{"rendered":"<p>Yehudi Menuhin (22.4.1916 &#8211; 12.3.1999) WUNDERKIND UND GENIALER K\u00dcNSTLER Der unvergleichliche Geiger, in seiner Kindheit als Wunderkind und im zweiten Teil seines Lebens als Dirigent gefeiert, konnte auf eine beispiellose musikalische Karriere zur\u00fcckblicken. Im Alter von sieben Jahren begann diese Karriere, die ihn auf alle Musikb\u00fchnen der Welt f\u00fchrte. Er kombinierte seine grandiose instrumentale Technik [&hellip;]<\/p>\n","protected":false},"author":1,"featured_media":64,"parent":0,"menu_order":0,"comment_status":"closed","ping_status":"closed","template":"","meta":{"footnotes":""},"class_list":["post-46","page","type-page","status-publish","has-post-thumbnail","hentry"],"_links":{"self":[{"href":"https:\/\/www.menuhin-stiftung.ch\/index.php\/wp-json\/wp\/v2\/pages\/46","targetHints":{"allow":["GET"]}}],"collection":[{"href":"https:\/\/www.menuhin-stiftung.ch\/index.php\/wp-json\/wp\/v2\/pages"}],"about":[{"href":"https:\/\/www.menuhin-stiftung.ch\/index.php\/wp-json\/wp\/v2\/types\/page"}],"author":[{"embeddable":true,"href":"https:\/\/www.menuhin-stiftung.ch\/index.php\/wp-json\/wp\/v2\/users\/1"}],"replies":[{"embeddable":true,"href":"https:\/\/www.menuhin-stiftung.ch\/index.php\/wp-json\/wp\/v2\/comments?post=46"}],"version-history":[{"count":12,"href":"https:\/\/www.menuhin-stiftung.ch\/index.php\/wp-json\/wp\/v2\/pages\/46\/revisions"}],"predecessor-version":[{"id":136,"href":"https:\/\/www.menuhin-stiftung.ch\/index.php\/wp-json\/wp\/v2\/pages\/46\/revisions\/136"}],"wp:featuredmedia":[{"embeddable":true,"href":"https:\/\/www.menuhin-stiftung.ch\/index.php\/wp-json\/wp\/v2\/media\/64"}],"wp:attachment":[{"href":"https:\/\/www.menuhin-stiftung.ch\/index.php\/wp-json\/wp\/v2\/media?parent=46"}],"curies":[{"name":"wp","href":"https:\/\/api.w.org\/{rel}","templated":true}]}}

<p><img loading="lazy" decoding="async" class="alignleft wp-image-64 size-full" src="https://www.menuhin-stiftung.ch/wp-content/uploads/2026/02/Portraet.png" alt="" width="589" height="842" srcset="https://www.menuhin-stiftung.ch/wp-content/uploads/2026/02/Portraet.png 589w, https://www.menuhin-stiftung.ch/wp-content/uploads/2026/02/Portraet-210x300.png 210w" sizes="auto, (max-width: 589px) 100vw, 589px" />Yehudi Menuhin (22.4.1916 &#8211; 12.3.1999)</p>
<p>WUNDERKIND UND GENIALER KÜNSTLER</p>
<p>Der unvergleichliche Geiger, in seiner Kindheit als Wunderkind und im zweiten Teil seines Lebens als Dirigent gefeiert, konnte auf eine beispiellose musikalische Karriere zurückblicken.</p>
<p>Im Alter von sieben Jahren begann diese Karriere, die ihn auf alle Musikbühnen der Welt führte. Er kombinierte seine grandiose instrumentale Technik mit einem aussergewöhnlichen Musikverständnis. Sein breites Repertoire reichte weit über die grossen Klassiker hinaus: Er war sein Leben lang ein neugieriger Musiker, der z.B. mit dem grossen Jazzgeiger Stéphane Grappelli improvisierte. Er liebte es, sich mit allen Arten von Musik zu beschäftigen. Seine Faszination für verschiedene Kulturen veranlasste ihn, u.a. mit <a href="https://www.youtube.com/watch?v=fJ5ZBkZGW9U&amp;list=RDfJ5ZBkZGW9U&amp;start_radio=1" target="_blank" rel="noopener">R</a><a href="https://www.youtube.com/watch?v=fJ5ZBkZGW9U&amp;list=RDfJ5ZBkZGW9U&amp;start_radio=1" target="_blank" rel="noopener">avi Shankar</a> indische Musik zu spielen. Er hatte aber auch gleichzeitig grosse Freude, mit Roma-Freunden die Faszination von Zigeunermusik zu erleben, deren Anliegen er besonders verteidigte, und betonte immer wieder, dass die Suche nach Schönheit und das Teilen im gemeinsamen Musizieren universelle Werte seien.</p>
<p><em>«Musik ist wirklich der Ausdruck des Lebens, Es ist die Sublimierung aller guten und schlechten Gefühle, die uns sonst gefangen halten würden.»</em></p>
<p>YEHUDI MENUHIN, EIN VISIONÄR UND HUMANIST</p>
<p>Zeit seines Lebens beschäftigte sich Yehudi Menuhin mit den grossen Themen des 20. Jahrhunderts: Er setzte sich ebenso sensibel für Bildung wie auch für die Rechte von Minderheiten ein und legte grossen Wert darauf, seine Visionen in die Tat umzusetzen. Während seiner gesamten Karriere als Musiker verteidigte er unermüdlich die Schwächsten, was ihm zahlreiche Auszeichnungen und Tiel einbrachte, darunter den Weltfriedenspreis im Jahr 1979. «Denen eine Stimme geben, die keine haben», lautete die Devise. Sie wurde zu einem Leitthema seines Lebens.</p>
<p><em>«Es gibt überall Verletzungen. Man muss wissen, wie man seine eigenen vergisst und versucht, die universellen Wunden zu heilen.»</em></p>
<p>YEHUDI MENUHIN UND DIE MENSCHENBILDUNG</p>
<p>1991 begründete er in Brüssel die International Yehudi Menuhin Foundation (IYMF), um seine zahlreichen humanistischen Visionen zu realisieren (<a href="https://www.menuhin-foundation.com" target="_blank" rel="noopener">www.menuhin-foundation.com</a>). U.a. entstand 1993 das von der IYMF international koordinierte künstlerisch-soziale ® <a href="https://www.mus-e.ch/" target="_blank" rel="noopener">MUS-E Programm</a>, welches heute in 13 Ländern aktiv ist und bereits mehr als 1,5 Mio. Kinder erreichte. Da ihm die Bildung im Allgemeinen und die musikalische Ausbildung im Besonderen am Herzen lag, gründete er u.a. die Yehudi Menuhin School oder die Yehudi Menuhin-Stiftung Grenchen, die der musikalischen Bildung junger Menschen in Grenchen und Umgebung verpflichtet ist.</p>
<p><em>«Beim Unterrichten geht es nicht darum, einen leeren Sack mit Wissen zu füllen. Die Tasche ist nie leer. Es hat bereits ein eigenens Leben. Und lehren bedeutet, unsere Wissen weiterzugeben, damit die Person, die die Tasche trägt, das Leben auf eine reichere, vielfältigere und zivilisiertere Weise geniessen kann.»</em></p>
<p>MENUHIN UND DIE POLITIK</p>
<p><em>«Nur die Ausübung der Kunst, unserer Sinne und der Vielfalt der Kulturen Europas ist in der Lage, wahren Respekt vor anderen und den Wunsch nach Frieden zu wecken, der es uns ermöglicht, sowohl unsere eigenen als auch die kollektiven Errungenschaften zu verwirklichen mit allen, die unsere Verantwortung gegenüber dieser leidenden Erde teilen. Nur mit einer kreativen Erziehung, die keine Begabung des Kindes unterdrückt, sondern es im Gegenteil zivilisiert, können wir gemeinsam eine Gesellschaft schaffen, die seine Gewalt beherrscht und absorbiert. Es ist die Kunst, die die Persönlichkeit junger Bürger und Bürgerinnen im Sinne von Aufgeschlossenheit, Respekt für andere und dem Wunsch nach Frieden strukturieren kann. Es ist die Kultur, die es jedem ermöglicht, in der Vergangenheit neue Energie zu tanken und an der Gestaltung der Zukunft mitzuwirken. Sie allein wird uns durch die Vereinigung der Vielfalt ein wahres europäisches Bewusstsein bieten. Denn es ist das Aufblühen der kulturellen Vielfalt, die Europa seinen ganzen Glanz verleiht&#8230;» </em></p>
<p>(Auszug aus Yehudi Menuhins Brief an den Europäischen Rat vom 17. Februar 2000).</p>
<p>Zitate: © IYMF</p>
<p><a href="https://www.youtube.com/watch?v=0h0GkOP7ZUs" target="_blank" rel="noopener">Yehudi Menuhin BBC documentary</a></p>
<p><a href="https://www.youtube.com/watch?v=QGhmUnKzxJw&amp;t=4s" target="_blank" rel="noopener">Sir Yehudi Menuhin: Gedanken zum Singen, Tanzen und Spielen</a></p>
<p><a href="https://youtu.be/5HGKFLq1a-c" target="_blank" rel="noopener"><img decoding="async" class="alignnone size-full wp-image-63" src="https://www.menuhin-stiftung.ch/wp-content/uploads/2026/02/StAG_F.00.7_Dig2015-Portraet-Yehudi-Menuhin-1916-1999-2.tiff" alt="" />Präsentation «Hommage à Yehudi Menuhin» Grenchen 2025</a></p>

<p>Yehudi Menuhin (22.4.1916 &#8211; 12.3.1999) WUNDERKIND UND GENIALER KÜNSTLER Der unvergleichliche Geiger, in seiner Kindheit als Wunderkind und im zweiten Teil seines Lebens als Dirigent gefeiert, konnte auf eine beispiellose musikalische Karriere zurückblicken. Im Alter von sieben Jahren begann diese Karriere, die ihn auf alle Musikbühnen der Welt führte. Er kombinierte seine grandiose instrumentale Technik [&hellip;]</p>
