{"id":42,"date":"2026-02-11T17:45:51","date_gmt":"2026-02-11T17:45:51","guid":{"rendered":"https:\/\/www.menuhin-stiftung.ch\/?page_id=42"},"modified":"2026-02-17T12:27:15","modified_gmt":"2026-02-17T12:27:15","slug":"stiftungsrat","status":"publish","type":"page","link":"https:\/\/www.menuhin-stiftung.ch\/index.php\/stiftungsrat\/","title":{"rendered":"Stiftungsrat"},"content":{"rendered":"<p>Stiftungsrat<\/p>\n<table>\n<tbody>\n<tr>\n<td width=\"151\">Jeremy Menuhin<\/td>\n<td width=\"75\">Pr\u00e4sident<\/td>\n<td width=\"227\">Komponist<\/td>\n<\/tr>\n<tr>\n<td width=\"151\">Andreas Moser<\/td>\n<td width=\"75\"><\/td>\n<td width=\"227\">Leiter Musikschule<\/td>\n<\/tr>\n<tr>\n<td width=\"151\">Ruwen Kronenberg<\/td>\n<td width=\"75\"><\/td>\n<td width=\"227\">Musiklehrer<\/td>\n<\/tr>\n<tr>\n<td width=\"151\">Susanne Sahli<\/td>\n<td width=\"75\"><\/td>\n<td width=\"227\">Stadtpr\u00e4sidentin<\/td>\n<\/tr>\n<tr>\n<td width=\"151\">Eduard Sperisen<\/td>\n<td width=\"75\"><\/td>\n<td width=\"227\">Pr\u00e4sident B\u00fcrgergemeinde<\/td>\n<\/tr>\n<\/tbody>\n<\/table>\n","protected":false},"excerpt":{"rendered":"<p>Stiftungsrat Jeremy Menuhin Pr\u00e4sident Komponist Andreas Moser Leiter Musikschule Ruwen Kronenberg Musiklehrer Susanne Sahli Stadtpr\u00e4sidentin Eduard Sperisen Pr\u00e4sident B\u00fcrgergemeinde<\/p>\n","protected":false},"author":1,"featured_media":0,"parent":0,"menu_order":0,"comment_status":"closed","ping_status":"closed","template":"","meta":{"footnotes":""},"class_list":["post-42","page","type-page","status-publish","hentry"],"_links":{"self":[{"href":"https:\/\/www.menuhin-stiftung.ch\/index.php\/wp-json\/wp\/v2\/pages\/42","targetHints":{"allow":["GET"]}}],"collection":[{"href":"https:\/\/www.menuhin-stiftung.ch\/index.php\/wp-json\/wp\/v2\/pages"}],"about":[{"href":"https:\/\/www.menuhin-stiftung.ch\/index.php\/wp-json\/wp\/v2\/types\/page"}],"author":[{"embeddable":true,"href":"https:\/\/www.menuhin-stiftung.ch\/index.php\/wp-json\/wp\/v2\/users\/1"}],"replies":[{"embeddable":true,"href":"https:\/\/www.menuhin-stiftung.ch\/index.php\/wp-json\/wp\/v2\/comments?post=42"}],"version-history":[{"count":5,"href":"https:\/\/www.menuhin-stiftung.ch\/index.php\/wp-json\/wp\/v2\/pages\/42\/revisions"}],"predecessor-version":[{"id":152,"href":"https:\/\/www.menuhin-stiftung.ch\/index.php\/wp-json\/wp\/v2\/pages\/42\/revisions\/152"}],"wp:attachment":[{"href":"https:\/\/www.menuhin-stiftung.ch\/index.php\/wp-json\/wp\/v2\/media?parent=42"}],"curies":[{"name":"wp","href":"https:\/\/api.w.org\/{rel}","templated":true}]}}

<p>Stiftungsrat</p>
<table>
<tbody>
<tr>
<td width="151">Jeremy Menuhin</td>
<td width="75">Präsident</td>
<td width="227">Komponist</td>
</tr>
<tr>
<td width="151">Andreas Moser</td>
<td width="75"></td>
<td width="227">Leiter Musikschule</td>
</tr>
<tr>
<td width="151">Ruwen Kronenberg</td>
<td width="75"></td>
<td width="227">Musiklehrer</td>
</tr>
<tr>
<td width="151">Susanne Sahli</td>
<td width="75"></td>
<td width="227">Stadtpräsidentin</td>
</tr>
<tr>
<td width="151">Eduard Sperisen</td>
<td width="75"></td>
<td width="227">Präsident Bürgergemeinde</td>
</tr>
</tbody>
</table>

<p>Stiftungsrat Jeremy Menuhin Präsident Komponist Andreas Moser Leiter Musikschule Ruwen Kronenberg Musiklehrer Susanne Sahli Stadtpräsidentin Eduard Sperisen Präsident Bürgergemeinde</p>
